lculate w(5).
67
Let f(v) = v**2 + 6*v - 22. Give f(-8).
-6
Let j(x) = x**2 + 16*x + 28. Determine j(-14).
0
Let r(f) = -131*f**2 + 4*f - 4. What is r(1)?
-131
Let w(v) = -v**2 - 19*v + 22. Calculate w(-20).
2
Let r(h) = -h**3 - 17*h**2 + h + 17. What is r(-17)?
0
Let n(m) = -19*m**3 + 2*m**2 - 2*m + 1. Give n(1).
-18
Let c(j) = 46*j - 1. Determine c(1).
45
Let i(v) = 3*v - 1. Calculate i(7).
20
Let k(m) = m**2 + 11*m + 15. Determine k(-11).
15
Let k(f) = -2*f**3 + 26*f**2 - 18*f - 27. Give k(12).
45
Let r(o) = 2*o + 25. Give r(-7).
11
Let b(w) = -w - 10. Calculate b(7).
-17
Let d(l) = 2*l**2 - 3*l + 3. Calculate d(3).
12
Let k(n) = 2*n**2 - 11*n - 24. What is k(10)?
66
Let c(q) = 2*q**2 + 16*q + 1. Determine c(-10).
41
Let c(d) = -4*d + 50. Give c(12).
2
Let u(c) = 11*c - 3. What is u(5)?
52
Let j(p) = -11*p + 35. Determine j(11).
-86
Let a(g) = -g**3 + 7*g**2 - 5*g - 8. What is a(5)?
17
Let r(x) = -45*x + 34. What is r(1)?
-11
Let a(t) = -35*t**2 - 2*t + 1. What is a(1)?
-36
Let k(p) = -p**3 + p**2 + 5. Give k(0).
5
Let k(n) = n**2 + 12*n - 12. Calculate k(-9).
-39
Let c(x) = x**2 - 5*x - 10. Give c(8).
14
Let t(u) = 2*u + 16. What is t(-7)?
2
Let k(x) = x**3 - 39*x**2 - 3*x + 125. What is k(39)?
8
Let n(v) = -4*v - 32. Give n(-6).
-8
Let v(p) = -9*p + 16. Determine v(1).
7
Let a(x) = -2*x**2 + 3*x - 4. Calculate a(0).
-4
Let a(x) = -8*x + 3. Determine a(2).
-13
Let a(y) = y**2 - 3*y + 3. Calculate a(7).
31
Let k(z) = -35*z**2 - z - 1. What is k(-1)?
-35
Let f(k) = k**3 - 5*k - 5. Determine f(-2).
-3
Let o(l) = l**2 - 16*l + 11. What is o(6)?
-49
Let q(a) = a**2 - 7*a. Calculate q(5).
-10
Let h(k) = -5*k**3 - 3*k**2 - 5. Give h(3).
-167
Let f(s) = 2*s**2 + 44*s + 10. What is f(-21)?
-32
Let u(s) = s**3 + 14*s**2 + 14*s - 15. Determine u(-13).
-28
Let h(m) = -m**2 - 3*m - 4. What is h(-3)?
-4
Let d(m) = m**3 - 9*m**2 + 2*m - 4. Give d(8).
-52
Let f(o) = o + 19. What is f(-7)?
12
Let u(l) = l**3 - 10*l**2 + 17*l - 1. What is u(8)?
7
Let h(j) = 47*j**3 - 2*j**2 + 1. Give h(-1).
-48
Let c(b) = -b**2 - 9*b - 5. Give c(-6).
13
Let v(k) = -12*k**2 - k + 1. Give v(-1).
-10
Let t(a) = 2*a**3 - 13*a**2 - 6*a + 12. Give t(7).
19
Let i(v) = -4*v + 1. Give i(-2).
9
Let b(r) = -2*r**2 - 6*r - 10. Determine b(-10).
-150
Let m(d) = d - 26. Determine m(21).
-5
Let o(h) = -h**3 - 3*h**2 - 9. What is o(-4)?
7
Let y(d) = 2*d**2 + d - 17. Determine y(-5).
28
Let y(m) = -2*m**2 - 13*m - 7. Give y(-4).
13
Let m(g) = g**2 - 6*g - 9. Determine m(8).
7
Let d(l) = -5*l + 100. Give d(19).
5
Let d(k) = -k**3 + 16*k**2 + 16*k + 19. Calculate d(17).
2
Let t(d) = 2*d - 101. What is t(8)?
-85
Let p(x) = -x**3 + 8*x**2 + 2*x - 14. Calculate p(8).
2
Let r(y) = y**2 - 2*y. What is r(2)?
0
Let b(o) = 38*o + 77. Calculate b(-2).
1
Let m(d) = -116*d**2 + 2*d + 2. Give m(-1).
-116
Let x(l) = -12*l**3 + l - 2. Calculate x(1).
-13
Let d(x) = 18*x**2 - 4*x - 1. Calculate d(-2).
79
Let x(v) = -v**3 + 12*v**2 - 32*v + 4. Calculate x(5).
19
Let y(m) = -m**3 - 3. Give y(2).
-11
Let f(k) = -2*k**2 - 8*k - 11. Calculate f(-6).
-35
Let v(k) = -3*k - 49. Determine v(-16).
-1
Let l(y) = 7*y**3 + 2*y**2 - 2*y - 2. Calculate l(-2).
-46
Let s(n) = -n**2 - 16*n - 15. Give s(-15).
0
Let o(h) = 12*h + 136. Calculate o(-12).
-8
Let o(m) = 9*m**3 + 2*m**2 - 5*m + 4. Calculate o(1).
10
Let o(g) = -g**3 - 31*g**2 + g + 41. Determine o(-31).
10
Let v(d) = -d**2 + 4*d. Calculate v(-3).
-21
Let w(j) = -4*j**2 + 12*j - 31. Determine w(2).
-23
Let s(f) = 2*f - 4. What is s(7)?
10
Let i(o) = o**3 - 8*o**2 + 7*o + 2. What is i(7)?
2
Let l(p) = -2*p**2 - 6*p - 6. Calculate l(-4).
-14
Let v(l) = 4*l**3 - 18*l**2 - 8*l + 1. Determine v(5).
11
Let l(o) = o**2 + 15*o + 10. Calculate l(-13).
-16
Let v(n) = -17*n + 4. Give v(3).
-47
Let c(u) = -u**3 - 4*u**2 + 6*u + 9. Determine c(-5).
4
Let h(b) = 3*b**2 - 9*b - 8. Give h(-1).
4
Let l(f) = -12*f + 5. Calculate l(2).
-19
Let c(z) = 3*z - 85. Give c(29).
2
Let a(y) = y**3 + y**2 - y. What is a(-2)?
-2
Let i(h) = 2*h**2 + 7*h - 14. Give i(-5).
1
Let l(i) = -i**2 + 5*i + 32. Calculate l(-6).
-34
Let s(y) = 3*y**2 + 23*y + 6. Calculate s(-7).
-8
Let s(o) = -o**2 - o + 17. Determine s(-3).
11
Let p(y) = y**2 + 19*y + 20. What is p(-19)?
20
Let k(w) = -w**2 + 24*w - 46. Give k(21).
17
Let k(s) = -s**2 - 9*s - 5. Calculate k(4).
-57
Let j(l) = 17*l - 38. Give j(5).
47
Let b(k) = -7*k**3 + k**2 + 2*k. Calculate b(3).
-174
Let z(y) = y - 19. Give z(-16).
-35
Let m(i) = -i**2 + 19*i - 7. Determine m(18).
11
Let r(i) = -i**3 + 15*i**2 - 16*i - 4. Determine r(13).
126
Let h(s) = 2*s**3 - s**2 - 1. Determine h(2).
11
Let i(p) = 4*p + 87. Determine i(-19).
11
Let q(w) = -w**2 - 8*w + 7. Determine q(-8).
7
Let t(s) = s**3 - 16*s**2 + 15*s + 7. What is t(15)?
7
Let r(c) = -c**2 + 3*c + 6. Determine r(2).
8
Let y(j) = 19*j - 263. Give y(14).
3
Let y(q) = 5*q**2 - 65*q - 35. Calculate y(14).
35
Let o(u) = -8*u - 90. Determine o(-12).
6
Let j(d) = 9*d**3 + 4*d**2 - 4*d. Calculate j(1).
9
Let r(y) = 8*y**2 + 35*y + 3. Determine r(-5).
28
Let r(s) = s**3 - 39*s - 20. Determine r(-6).
-2
Let l(c) = 2*c**3 + 31*c**2 + 14*c - 8. Give l(-15).
7
Let z(p) = -p**2 + 12*p - 2. Give z(13).
-15
Let u(i) = -6*i + 47. What is u(0)?
47
Let c(v) = -8*v**2 - 56*v + 1. Determine c(-7).
1
Let p(m) = -m**2 - 46*m + 376. What is p(7)?
5
Let x(f) = 2*f**2 - 7*f + 4. Calculate x(5).
19
Let h(y) = -y**3 + 6*y**2 - 4. Determine h(5).
21
Let s(n) = -n**3 + 7*n**2 + 6*n + 4. What is s(5)?
84
Let n(w) = -w**3 - 9*w**2 + 13*w + 20. Determine n(-10).
-10
Let u(w) = w**2 + 3*w + 13. What is u(-6)?
31
Let w(s) = -s**3 + 3*s**2 + 3*s - 6. Give w(3).
3
Let q(p) = 4*p**2 - 35*p + 4. Give q(8).
-20
Let m(v) = -43*v**3 - 1. Determine m(1).
-44
Let b(a) = -a**3 + 30*a**2 + 2*a - 60. Give b(30).
0
Let q(s) = s - 2. Give q(2).
0
Let f(v) = v**2 - 5*v + 7. Determine f(4).
3
Let r(v) = v**2 + 48*v - 1636. Determine r(23).
-3
Let t(q) = -q**3 + 3*q**2 + 2*q - 4. Calculate t(2).
4
Let p(y) = -y**3 - 22*y**2 + 28*y + 52. Give p(-23).
-63
Let h(x) = -3*x**2 - 3*x + 53. Calculate h(4).
-7
Let j(b) = 3*b**2 - 53*b + 54. Give j(1).
4
Let v(x) = x**3 - 14*x**2 - 19*x + 38. Calculate v(15).
-22
Let u(s) = 5*s - 3. Give u(4).
17
Let p(z) = -z**2 + 15*z - 15. What is p(14)?
-1
Let k(u) = 2*u + 23. Determine k(-9).
5
Let g(m) = -m**2 + 13*m - 22. Determine g(13).
-22
Let l(u) = -u**3 + 5*u**2 + 17*u + 10. Calculate l(8).
-46
Let g(n) = 10*n + 1. Determine g(-4).
-39
Let j(d) = 7*d - 4. Calculate j(1).
3
Let y(w) = 2*w - 22. What is y(2)?
-18
Let y(d) = d**2 + 13*d + 42. Give y(-7).
0
Let d(p) = 3*p**2 - 4*p - 7. Determine d(5).
48
Let f(y) = -16*y - 315. Calculate f(-19).
-11
Let s(x) = -x**2 + 40*x + 224. What is s(-5)?
-1
Let d(o) = -10*o - 2. Give d(-5).
48
Let z(l) = -l**2 - 7*l - 19. What is z(-8)?
-27
Let w(h) = h**3 - 2*h**2 - 8*h + 18. Determine w(2).
2
Let o(m) = m**3 + 7*m**2 - 4*m + 4. Calculate o(-7).
32
Let d(s) = s**2 - 8*s + 2. What is d(6)?
-10
Let a(b) = -b**2 + b + 1. What is a(0)?
1
Let i(o) = o**3 + 22*o**2 + 42*o + 24. Give i(-20).
-16
Let x(g) = -g**3 + 4*g**2 - g - 1. Determine x(3).
5
Let s(g) = -7*g - 15. Give s(4).
-43
Let o(s) = -10*s - 127. What is o(-12)?
-7
Let g(s) = 6*s - 4. Calculate g(2).
8
Let k(j) = 5*j - 85. What is k(15)?
-10
Let u(n) = -n**3 - 7*n**2 - 6*n - 4. Calculate u(-4).
-28
Let f(q) = -q**3 - 17*q**2 - 20*q - 53. Give f(-16).
11
Let w(a) = -a**2 + 2*a + 18. Calculate w(6).
-6
Let i(w) = -w**3 - 6*w**2 + 15*w + 4. Give i(-7).
-52
Let t(c) = 13*c - 2. Determine t(0).
-2
Let j(g) = -7*g**2 - 7*g + 1. Determine j(-3).
-41
Let p(l) = -l**2 + 8*l - 4. Determine p(8).
-4
Let a(v) = 3*v - 1. Give a(-5).
-16
Let x(k) = 8*k + 2. What is x(11)?
90
Let x(p) = 5*p + 3. Give x(-2).
-7
Let h(s) = 24*s + 32. Determine h(-6).
-112
Let m(j) = -j**3 + 14*j**2 - j + 22. Calculate m(14).
8
Let c(g) = 4*g**2 + 5*g + 5. Determine c(-4).
49
Let m(g) = 8*g + 386. Give m(-48).
2
Let a(h) = -2*h**2 + 22*h - 87. What is a(6)?
-27
Let o(h) = -h - 13. Determine o(-14).
1
Let x(d) = d + 5. Determine x(-8).
-3
Let t(o) = 29*o**3 - o**2 + 2*o - 2. Calculate t(1).
28
Let j(t) = -t + 13. Calculate j(9).
4
Let a(v) = -47*v**2 - 2*v. Calculate a(1).
-49
Let z(v) = 6*v - 18. Determine z(4).
6
Let f(c) = 4*c**2. What is f(-2